{"id":279,"date":"2025-09-24T21:23:09","date_gmt":"2025-09-24T21:23:09","guid":{"rendered":"https:\/\/matmat54.ch\/?page_id=279"},"modified":"2026-03-27T18:51:48","modified_gmt":"2026-03-27T18:51:48","slug":"ueber-mich","status":"publish","type":"page","link":"https:\/\/matmat54.ch\/index.php\/ueber-mich\/","title":{"rendered":"\u00dcber mich"},"content":{"rendered":"<div class=\"brz brz-root__container brz-reset-all brz-root__container-page\" >\n<section id=\"ykUWg_31mOO5_ykUWg_31mOO5\" class=\"brz-section brz-css-1lxg9kp brz-css-1k6869\">\n<div class=\"brz-section__content brz-section--boxed brz-css-1wq6ycu brz-css-12wkhql\" data-brz-custom-id=\"apHcm6rtGiYX\">\n<div class=\"brz-bg\">\n<div class=\"brz-bg-color\"><\/div>\n<\/div>\n<div class=\"brz-container brz-css-1ozclp5 brz-css-118bakd\">\n<div id=\"\" class=\"brz-css-1s00c10 brz-css-lg27z brz-wrapper\">\n<div class=\"brz-rich-text brz-rich-text__custom brz-css-71hu5s brz-css-cwd54a\" data-brz-custom-id=\"dxWsEf6nv3DO\">\n<div data-brz-translate-text=\"1\">\n<p data-uniq-id=\"fFuNl\" data-generated-css=\"brz-css-hPLC2\" class=\"brz-tp-lg-heading2 brz-text-lg-center brz-bcp-color2 brz-css-j3WTC\"><span style=\"color: rgba(var(--brz-global-color2),1);\" class=\"brz-cp-color2\">\u00dcber mich<\/span><\/p>\n<\/div>\n<\/div>\n<\/div>\n<\/div>\n<\/div>\n<\/section>\n<section id=\"igfOjM8jSN65_igfOjM8jSN65\" class=\"brz-section brz-css-1b8c2o8 brz-css-1uu4zn7\">\n<div class=\"brz-section__content brz-section--boxed brz-css-1e7suw9 brz-css-fqz533\" data-brz-custom-id=\"i_6Bh0oILpZu\">\n<div class=\"brz-bg\">\n<div class=\"brz-bg-color\"><\/div>\n<\/div>\n<div class=\"brz-container brz-css-1quuuj0 brz-css-15ogtez\">\n<div class=\"brz-row__container brz-css-1qfnybc brz-css-7nuuqe\" data-brz-custom-id=\"ulcH7T4kux1u\">\n<div class=\"brz-row brz-css-1u1z77d brz-css-x279l6 brz-css-1uzirca\">\n<div class=\"brz-columns brz-css-2xxfi2 brz-css-12kns6s\" data-brz-custom-id=\"tbYhyq5q76bA\">\n<div class=\"brz-column__items brz-css-vowfoa brz-css-v0q6t3\">\n<div id=\"\" class=\"brz-css-1ux7vac brz-css-4c1qfz brz-wrapper\">\n<div class=\"brz-rich-text brz-rich-text__custom brz-css-1lfzl2m brz-css-5it9iz\" data-brz-custom-id=\"c1i5aTvHtHPV\">\n<div data-brz-translate-text=\"1\">\n<p class=\"brz-tp-lg-paragraph brz-css-oJTVI\" data-generated-css=\"brz-css-loPHl\" data-uniq-id=\"iybAa\"><span style=\"color: rgba(var(--brz-global-color7),1);\" class=\"brz-cp-color7\">Ich bin&nbsp;Matej Matoli\u0107, ein erfahrener Fachmann f\u00fcr&nbsp;Digital Communication und Creative Media Production&nbsp;mit einem&nbsp;Master of Science&nbsp;in diesem Bereich.<\/span><\/p>\n<p class=\"brz-tp-lg-paragraph brz-css-rF4fc\" data-generated-css=\"brz-css-yhH35\" data-uniq-id=\"kHAr5\"><span style=\"color: rgba(var(--brz-global-color7),1);\" class=\"brz-cp-color7\"> <\/span><\/p>\n<p class=\"brz-tp-lg-paragraph brz-css-gDRAq\" data-generated-css=\"brz-css-kPYyx\" data-uniq-id=\"pPOdv\"><span style=\"color: rgba(var(--brz-global-color7),1);\" class=\"brz-cp-color7\">Meine Kernkompetenz liegt in der ganzheitlichen Umsetzung digitaler Projekte, von der&nbsp;Konzeption bis zum Go-Live.&nbsp;Ich verf\u00fcge \u00fcber fundierte Erfahrung in&nbsp;agilem und klassischem Projektmanagement&nbsp;, die ich in Marketing-, Kommunikations- und&nbsp;IT-Projekten bei Unternehmen wie SWICA&nbsp;und SBIS AG angewendet habe.&nbsp;In diesem Zusammenhang habe ich auch die Zertifizierung zum Professional Scrum Master erworben. <\/span><\/p>\n<p class=\"brz-tp-lg-paragraph brz-css-aAXen\" data-generated-css=\"brz-css-tQfX2\" data-uniq-id=\"k3x8q\"><span style=\"color: rgba(var(--brz-global-color7),1);\" class=\"brz-cp-color7\"> <\/span><\/p>\n<p class=\"brz-tp-lg-paragraph brz-css-ryR0_\" data-generated-css=\"brz-css-z1dx7\" data-uniq-id=\"ym1CO\"><span style=\"color: rgba(var(--brz-global-color7),1);\" class=\"brz-cp-color7\">Meine Expertise umfasst die Entwicklung von Webprojekten (z. B. mit WordPress oder Typo3), die Gestaltung vielseitiger Marketing- und Kommunikationsinhalte (wie Flyer, Brosch\u00fcren und Social Media Content)&nbsp;, sowie die Erstellung interaktiver Anwendungen (AR, VR, 3D) in&nbsp;Unity.&nbsp;<\/span><\/p>\n<p class=\"brz-tp-lg-paragraph brz-css-wTvV6\" data-generated-css=\"brz-css-dbuYz\" data-uniq-id=\"xbNJt\"><\/p>\n<p class=\"brz-tp-lg-paragraph brz-css-tAbvf\" data-generated-css=\"brz-css-l8mYL\" data-uniq-id=\"gD9sS\"><span style=\"color: rgba(var(--brz-global-color7),1);\" class=\"brz-cp-color7\">Ich biete klare Kommunikation, strukturierte Umsetzung und eine l\u00f6sungsorientierte Arbeitsweise, um Ihre digitalen Initiativen erfolgreich zu steuern.<\/span><\/p>\n<p class=\"brz-tp-lg-paragraph brz-css-oF9KV\" data-generated-css=\"brz-css-xEXk3\" data-uniq-id=\"iY9Zs\"><\/p>\n<p class=\"brz-tp-lg-paragraph brz-css-xP0Vi\" data-generated-css=\"brz-css-v9j_b\" data-uniq-id=\"voj34\"><\/p>\n<\/div>\n<\/div>\n<\/div>\n<\/div>\n<\/div>\n<div class=\"brz-columns brz-css-2xxfi2 brz-css-kc867r\" data-brz-custom-id=\"kvw6xabPT1ax\">\n<div class=\"brz-column__items brz-css-vowfoa brz-css-okc866\">\n<div id=\"\" class=\"brz-css-1ux7vac brz-css-pspjbx brz-wrapper\">\n<div class=\"brz-image brz-css-521jsb brz-css-t78nsk\" data-brz-custom-id=\"yUpGDsxW1aoR\"><picture class=\"brz-picture brz-d-block brz-p-relative brz-css-1we1le1 brz-css-inoyzq\"><source srcset=\"https:\/\/matmat54.ch\/wp-content\/uploads\/2025\/09\/matej-matolic-2.jpg 1x, https:\/\/matmat54.ch\/wp-content\/uploads\/2025\/09\/matej-matolic-2.jpg 2x\" media=\"(min-width: 992px)\"><source srcset=\"https:\/\/matmat54.ch\/wp-content\/uploads\/2025\/09\/matej-matolic-2.jpg 1x, https:\/\/matmat54.ch\/wp-content\/uploads\/2025\/09\/matej-matolic-2.jpg 2x\" media=\"(min-width: 768px)\"><img decoding=\"async\" class=\"brz-img\" srcset=\"https:\/\/matmat54.ch\/wp-content\/uploads\/2025\/09\/matej-matolic-2.jpg 1x, https:\/\/matmat54.ch\/wp-content\/uploads\/2025\/09\/matej-matolic-2.jpg 2x\" src=\"https:\/\/matmat54.ch\/wp-content\/uploads\/2025\/09\/matej-matolic-2.jpg\" loading=\"lazy\" alt=\"\" title=\"matej-matolic-2\" draggable=\"false\"><\/picture><\/div>\n<\/div>\n<\/div>\n<\/div>\n<\/div>\n<\/div>\n<\/div>\n<\/div>\n<\/section>\n<section id=\"izPrG5rASnDw_izPrG5rASnDw\" class=\"brz-section brz-css-3carvz brz-css-4z6km2\">\n<div class=\"brz-section__content brz-section--boxed brz-css-gcshcf brz-css-zu0907\" data-brz-custom-id=\"lX1OgizAGfzG\">\n<div class=\"brz-bg\">\n<div class=\"brz-bg-color\"><\/div>\n<\/div>\n<div class=\"brz-container brz-css-1cpwgji brz-css-7jcf47\">\n<div id=\"\" class=\"brz-css-1bpm7ho brz-css-1maeyh2 brz-wrapper\">\n<div class=\"brz-rich-text brz-rich-text__custom brz-css-1nf4n66 brz-css-931w1g\" data-brz-custom-id=\"b2ybqERV7fm4\">\n<div data-brz-translate-text=\"1\">\n<h3 data-uniq-id=\"djjVJ\" data-generated-css=\"brz-css-bfSlS\" class=\"brz-tp-lg-heading3 brz-text-lg-center brz-css-jhghJ\"><strong class=\"brz-cp-color2\" style=\"color: rgba(var(--brz-global-color2),1);\">Meine Kernkompetenzen<\/strong><\/h3>\n<\/div>\n<\/div>\n<\/div>\n<div id=\"\" class=\"brz-css-1bpm7ho brz-css-1q5bkrq brz-css-c0ff5e brz-wrapper\">\n<div class=\"brz-spacer brz-css-54p7a brz-css-d2co0q\"><\/div>\n<\/div>\n<div class=\"brz-row__container brz-css-14q8xhq brz-css-164tg4p\" data-brz-custom-id=\"mgBJOE8zfNS5\">\n<div class=\"brz-row brz-css-1vdnleo brz-css-1w7r68l brz-css-ep3rfp\">\n<div class=\"brz-columns brz-css-1qb4osr brz-css-8nu3jk\" data-brz-custom-id=\"cvSJbQZgrRdK\">\n<div class=\"brz-column__items brz-css-1l23od7 brz-css-14ig1ap\">\n<div class=\"brz-wrapper-clone brz-flex-xs-wrap brz-css-138ikt7 brz-css-1dqsqfi\" data-brz-custom-id=\"cvCXhozZDvOR\">\n<div class=\"brz-icon__container\" data-brz-custom-id=\"qoGJzzDEVjYp\"><span class=\"brz-icon brz-span brz-css-f6yaz4 brz-css-1d2j3wk\"><svg class=\"brz-icon-svg align-[initial]\"><use href=\"\/wp-content\/plugins\/brizy\/public\/editor-build\/prod\/editor\/icons\/glyph\/refresh-69.svg#nc_icon\"><\/use><\/svg><\/span><\/div>\n<\/div>\n<div id=\"\" class=\"brz-css-1bpm7ho brz-css-1g09a6i brz-wrapper\">\n<div class=\"brz-rich-text brz-rich-text__custom brz-css-1nf4n66 brz-css-42nvfc\" data-brz-custom-id=\"itdvxTJlJ4j6\">\n<div data-brz-translate-text=\"1\">\n<p data-uniq-id=\"tnsmM\" data-generated-css=\"brz-css-xoQkA\" class=\"brz-tp-lg-paragraph brz-text-lg-center brz-bcp-color2 brz-css-bf2Of\"><strong style=\"color: rgba(var(--brz-global-color2),1);\" class=\"brz-cp-color2\">Projektmanagement<\/strong><\/p>\n<\/div>\n<\/div>\n<\/div>\n<div id=\"\" class=\"brz-css-1bpm7ho brz-css-1a3nwnl brz-wrapper\">\n<div class=\"brz-rich-text brz-rich-text__custom brz-css-1nf4n66 brz-css-u5wnkv\" data-brz-custom-id=\"p6WnG8drT7Oc\">\n<div data-brz-translate-text=\"1\">\n<p class=\"brz-tp-lg-paragraph brz-css-gSmRm\" data-uniq-id=\"jBGiT\" data-generated-css=\"brz-css-uLlt1\"><span class=\"brz-cp-color7\">Strukturierte Steuerung von digitalen, Kommunikations- und&nbsp;<\/span><strong class=\"brz-cp-color7\">IT-Projekten<\/strong><span class=\"brz-cp-color7\">&nbsp;(agil &amp; klassisch), gest\u00fctzt durch die Zertifizierung als&nbsp;<\/span><strong class=\"brz-cp-color7\">Professional Scrum Master<\/strong><span class=\"brz-cp-color7\">.<\/span><\/p>\n<\/div>\n<\/div>\n<\/div>\n<\/div>\n<\/div>\n<div class=\"brz-columns brz-css-1qb4osr brz-css-pxqupt\" data-brz-custom-id=\"iDuqmHYkbumJ\">\n<div class=\"brz-column__items brz-css-1l23od7 brz-css-1eu6xyb\">\n<div class=\"brz-wrapper-clone brz-flex-xs-wrap brz-css-138ikt7 brz-css-bvki7x\" data-brz-custom-id=\"egI4ByfhOwyO\">\n<div class=\"brz-icon__container\" data-brz-custom-id=\"trZuqJA5Li6k\"><span class=\"brz-icon brz-span brz-css-f6yaz4 brz-css-s3lwr1\"><svg class=\"brz-icon-svg align-[initial]\"><use href=\"\/wp-content\/plugins\/brizy\/public\/editor-build\/prod\/editor\/icons\/glyph\/widget.svg#nc_icon\"><\/use><\/svg><\/span><\/div>\n<\/div>\n<div id=\"\" class=\"brz-css-1bpm7ho brz-css-14tbjrb brz-wrapper\">\n<div class=\"brz-rich-text brz-rich-text__custom brz-css-1nf4n66 brz-css-1sfcphv\" data-brz-custom-id=\"qnjR6ZDi6MTf\">\n<div data-brz-translate-text=\"1\">\n<p class=\"brz-tp-lg-paragraph brz-text-lg-center brz-css-cgTw8\" data-uniq-id=\"yCP7A\" data-generated-css=\"brz-css-mUXUL\"><strong>Webseiten &amp; interaktive Anwendungen<\/strong><\/p>\n<\/div>\n<\/div>\n<\/div>\n<div id=\"\" class=\"brz-css-1bpm7ho brz-css-rusv2t brz-wrapper\">\n<div class=\"brz-rich-text brz-rich-text__custom brz-css-1nf4n66 brz-css-8j6t1b\" data-brz-custom-id=\"dMujqmEXbxm4\">\n<div data-brz-translate-text=\"1\">\n<p class=\"brz-tp-lg-paragraph brz-css-xhFi7\" data-uniq-id=\"hFZ4p\" data-generated-css=\"brz-css-eogJL\"><span class=\"brz-cp-color7\">End-to-End-Umsetzung von Webseiten sowie Entwicklung immersiver Anwendungen (<\/span><strong class=\"brz-cp-color7\">AR\/VR\/3D<\/strong><span class=\"brz-cp-color7\">) in Unity.<\/span><\/p>\n<\/div>\n<\/div>\n<\/div>\n<\/div>\n<\/div>\n<div class=\"brz-columns brz-css-1qb4osr brz-css-dcj143\" data-brz-custom-id=\"bopFRAq0W0yM\">\n<div class=\"brz-column__items brz-css-1l23od7 brz-css-uqvh2u\">\n<div class=\"brz-wrapper-clone brz-flex-xs-wrap brz-css-138ikt7 brz-css-ij0rx4\" data-brz-custom-id=\"o0NFaHVhHoZ3\">\n<div class=\"brz-icon__container\" data-brz-custom-id=\"i1Z44olsUS7J\"><span class=\"brz-icon brz-span brz-css-f6yaz4 brz-css-k36kn5\"><svg class=\"brz-icon-svg align-[initial]\"><use href=\"\/wp-content\/plugins\/brizy\/public\/editor-build\/prod\/editor\/icons\/glyph\/video-66.svg#nc_icon\"><\/use><\/svg><\/span><\/div>\n<\/div>\n<div id=\"\" class=\"brz-css-1bpm7ho brz-css-89hg3q brz-wrapper\">\n<div class=\"brz-rich-text brz-rich-text__custom brz-css-1nf4n66 brz-css-f12s5t\" data-brz-custom-id=\"wURuWziPLIyh\">\n<div data-brz-translate-text=\"1\">\n<p data-uniq-id=\"x9cR4\" data-generated-css=\"brz-css-g1mXO\" class=\"brz-tp-lg-empty brz-ff-montserrat brz-ft-google brz-fs-lg-18 brz-fss-lg-px brz-fw-lg-500 brz-ls-lg-0 brz-lh-lg-1_9 brz-vfw-lg-400 brz-fwdth-lg-100 brz-fsft-lg-0 brz-text-lg-center brz-bcp-color2 brz-css-pvbYx\"><strong class=\"brz-bold-true brz-cp-color2\" style=\"color: rgba(var(--brz-global-color2),1);\">Multimedia<\/strong><\/p>\n<\/div>\n<\/div>\n<\/div>\n<div id=\"\" class=\"brz-css-1bpm7ho brz-css-1oud2lb brz-wrapper\">\n<div class=\"brz-rich-text brz-rich-text__custom brz-css-1nf4n66 brz-css-188p1a6\" data-brz-custom-id=\"vZcqg1dN_mG4\">\n<div data-brz-translate-text=\"1\">\n<p class=\"brz-tp-lg-paragraph brz-css-xRu9o\" data-uniq-id=\"oaAOD\" data-generated-css=\"brz-css-wr842\"><span class=\"brz-cp-color7\">Professionelle Mediengestaltung, Content-Erstellung und Videoschnitt mit der Adobe Creative Suite und Prototyping-Tools wie&nbsp;<\/span><strong class=\"brz-cp-color7\">Figma<\/strong><span class=\"brz-cp-color7\">.<\/span><\/p>\n<\/div>\n<\/div>\n<\/div>\n<\/div>\n<\/div>\n<\/div>\n<\/div>\n<\/div>\n<\/div>\n<\/section><\/div>\n<p><!-- version:1760045634 --><\/p>\n","protected":false},"excerpt":{"rendered":"<p>\u00dcber mich Ich bin&nbsp;Matej Matoli\u0107, ein erfahrener Fachmann f\u00fcr&nbsp;Digital Communication und Creative Media Production&nbsp;mit einem&nbsp;Master of Science&nbsp;in diesem Bereich. Meine Kernkompetenz liegt in der ganzheitlichen Umsetzung digitaler Projekte, von der&nbsp;Konzeption bis zum Go-Live.&nbsp;Ich verf\u00fcge \u00fcber fundierte Erfahrung in&nbsp;agilem und klassischem Projektmanagement&nbsp;, die ich in Marketing-, Kommunikations- und&nbsp;IT-Projekten bei Unternehmen wie SWICA&nbsp;und SBIS AG angewendet habe.&nbsp;In [&hellip;]<\/p>\n","protected":false},"author":1,"featured_media":0,"parent":0,"menu_order":0,"comment_status":"closed","ping_status":"closed","template":"brizy-blank-template.php","meta":{"footnotes":""},"class_list":["post-279","page","type-page","status-publish","hentry"],"blocksy_meta":[],"yoast_head":"<!-- This site is optimized with the Yoast SEO plugin v27.2 - https:\/\/yoast.com\/product\/yoast-seo-wordpress\/ -->\n<title>\u00dcber mich - Matej Matolic<\/title>\n<meta name=\"robots\" content=\"index, follow, max-snippet:-1, max-image-preview:large, max-video-preview:-1\" \/>\n<link rel=\"canonical\" href=\"https:\/\/matmat54.ch\/index.php\/ueber-mich\/\" \/>\n<meta property=\"og:locale\" content=\"de_DE\" \/>\n<meta property=\"og:type\" content=\"article\" \/>\n<meta property=\"og:title\" content=\"\u00dcber mich - Matej Matolic\" \/>\n<meta property=\"og:description\" content=\"\u00dcber mich Ich bin&nbsp;Matej Matoli\u0107, ein erfahrener Fachmann f\u00fcr&nbsp;Digital Communication und Creative Media Production&nbsp;mit einem&nbsp;Master of Science&nbsp;in diesem Bereich. Meine Kernkompetenz liegt in der ganzheitlichen Umsetzung digitaler Projekte, von der&nbsp;Konzeption bis zum Go-Live.&nbsp;Ich verf\u00fcge \u00fcber fundierte Erfahrung in&nbsp;agilem und klassischem Projektmanagement&nbsp;, die ich in Marketing-, Kommunikations- und&nbsp;IT-Projekten bei Unternehmen wie SWICA&nbsp;und SBIS AG angewendet habe.&nbsp;In [&hellip;]\" \/>\n<meta property=\"og:url\" content=\"https:\/\/matmat54.ch\/index.php\/ueber-mich\/\" \/>\n<meta property=\"og:site_name\" content=\"Matej Matolic\" \/>\n<meta property=\"article:modified_time\" content=\"2026-03-27T18:51:48+00:00\" \/>\n<meta property=\"og:image\" content=\"https:\/\/matmat54.ch\/wp-content\/uploads\/2025\/09\/matej-matolic-2.jpg\" \/>\n<meta name=\"twitter:card\" content=\"summary_large_image\" \/>\n<meta name=\"twitter:label1\" content=\"Gesch\u00e4tzte Lesezeit\" \/>\n\t<meta name=\"twitter:data1\" content=\"1\u00a0Minute\" \/>\n<script type=\"application\/ld+json\" class=\"yoast-schema-graph\">{\"@context\":\"https:\/\/schema.org\",\"@graph\":[{\"@type\":\"WebPage\",\"@id\":\"https:\/\/matmat54.ch\/index.php\/ueber-mich\/\",\"url\":\"https:\/\/matmat54.ch\/index.php\/ueber-mich\/\",\"name\":\"\u00dcber mich - Matej Matolic\",\"isPartOf\":{\"@id\":\"https:\/\/matmat54.ch\/#website\"},\"primaryImageOfPage\":{\"@id\":\"https:\/\/matmat54.ch\/index.php\/ueber-mich\/#primaryimage\"},\"image\":{\"@id\":\"https:\/\/matmat54.ch\/index.php\/ueber-mich\/#primaryimage\"},\"thumbnailUrl\":\"https:\/\/matmat54.ch\/wp-content\/uploads\/2025\/09\/matej-matolic-2.jpg\",\"datePublished\":\"2025-09-24T21:23:09+00:00\",\"dateModified\":\"2026-03-27T18:51:48+00:00\",\"breadcrumb\":{\"@id\":\"https:\/\/matmat54.ch\/index.php\/ueber-mich\/#breadcrumb\"},\"inLanguage\":\"de\",\"potentialAction\":[{\"@type\":\"ReadAction\",\"target\":[\"https:\/\/matmat54.ch\/index.php\/ueber-mich\/\"]}]},{\"@type\":\"ImageObject\",\"inLanguage\":\"de\",\"@id\":\"https:\/\/matmat54.ch\/index.php\/ueber-mich\/#primaryimage\",\"url\":\"https:\/\/matmat54.ch\/wp-content\/uploads\/2025\/09\/matej-matolic-2.jpg\",\"contentUrl\":\"https:\/\/matmat54.ch\/wp-content\/uploads\/2025\/09\/matej-matolic-2.jpg\",\"width\":472,\"height\":709},{\"@type\":\"BreadcrumbList\",\"@id\":\"https:\/\/matmat54.ch\/index.php\/ueber-mich\/#breadcrumb\",\"itemListElement\":[{\"@type\":\"ListItem\",\"position\":1,\"name\":\"Startseite\",\"item\":\"https:\/\/matmat54.ch\/\"},{\"@type\":\"ListItem\",\"position\":2,\"name\":\"\u00dcber mich\"}]},{\"@type\":\"WebSite\",\"@id\":\"https:\/\/matmat54.ch\/#website\",\"url\":\"https:\/\/matmat54.ch\/\",\"name\":\"Matej Matolic\",\"description\":\"Portfolio\",\"publisher\":{\"@id\":\"https:\/\/matmat54.ch\/#\/schema\/person\/7d2d744e0437f5ffeeb4c1bc74b075f5\"},\"potentialAction\":[{\"@type\":\"SearchAction\",\"target\":{\"@type\":\"EntryPoint\",\"urlTemplate\":\"https:\/\/matmat54.ch\/?s={search_term_string}\"},\"query-input\":{\"@type\":\"PropertyValueSpecification\",\"valueRequired\":true,\"valueName\":\"search_term_string\"}}],\"inLanguage\":\"de\"},{\"@type\":[\"Person\",\"Organization\"],\"@id\":\"https:\/\/matmat54.ch\/#\/schema\/person\/7d2d744e0437f5ffeeb4c1bc74b075f5\",\"name\":\"admin\",\"image\":{\"@type\":\"ImageObject\",\"inLanguage\":\"de\",\"@id\":\"https:\/\/matmat54.ch\/wp-content\/uploads\/2025\/09\/matmat.png\",\"url\":\"https:\/\/matmat54.ch\/wp-content\/uploads\/2025\/09\/matmat.png\",\"contentUrl\":\"https:\/\/matmat54.ch\/wp-content\/uploads\/2025\/09\/matmat.png\",\"width\":1024,\"height\":1024,\"caption\":\"admin\"},\"logo\":{\"@id\":\"https:\/\/matmat54.ch\/wp-content\/uploads\/2025\/09\/matmat.png\"},\"sameAs\":[\"https:\/\/matmat54.ch\",\"https:\/\/www.linkedin.com\/in\/matej-matolic-b41049220\/\"]}]}<\/script>\n<!-- \/ Yoast SEO plugin. -->","yoast_head_json":{"title":"\u00dcber mich - Matej Matolic","robots":{"index":"index","follow":"follow","max-snippet":"max-snippet:-1","max-image-preview":"max-image-preview:large","max-video-preview":"max-video-preview:-1"},"canonical":"https:\/\/matmat54.ch\/index.php\/ueber-mich\/","og_locale":"de_DE","og_type":"article","og_title":"\u00dcber mich - Matej Matolic","og_description":"\u00dcber mich Ich bin&nbsp;Matej Matoli\u0107, ein erfahrener Fachmann f\u00fcr&nbsp;Digital Communication und Creative Media Production&nbsp;mit einem&nbsp;Master of Science&nbsp;in diesem Bereich. Meine Kernkompetenz liegt in der ganzheitlichen Umsetzung digitaler Projekte, von der&nbsp;Konzeption bis zum Go-Live.&nbsp;Ich verf\u00fcge \u00fcber fundierte Erfahrung in&nbsp;agilem und klassischem Projektmanagement&nbsp;, die ich in Marketing-, Kommunikations- und&nbsp;IT-Projekten bei Unternehmen wie SWICA&nbsp;und SBIS AG angewendet habe.&nbsp;In [&hellip;]","og_url":"https:\/\/matmat54.ch\/index.php\/ueber-mich\/","og_site_name":"Matej Matolic","article_modified_time":"2026-03-27T18:51:48+00:00","og_image":[{"url":"https:\/\/matmat54.ch\/wp-content\/uploads\/2025\/09\/matej-matolic-2.jpg","type":"","width":"","height":""}],"twitter_card":"summary_large_image","twitter_misc":{"Gesch\u00e4tzte Lesezeit":"1\u00a0Minute"},"schema":{"@context":"https:\/\/schema.org","@graph":[{"@type":"WebPage","@id":"https:\/\/matmat54.ch\/index.php\/ueber-mich\/","url":"https:\/\/matmat54.ch\/index.php\/ueber-mich\/","name":"\u00dcber mich - Matej Matolic","isPartOf":{"@id":"https:\/\/matmat54.ch\/#website"},"primaryImageOfPage":{"@id":"https:\/\/matmat54.ch\/index.php\/ueber-mich\/#primaryimage"},"image":{"@id":"https:\/\/matmat54.ch\/index.php\/ueber-mich\/#primaryimage"},"thumbnailUrl":"https:\/\/matmat54.ch\/wp-content\/uploads\/2025\/09\/matej-matolic-2.jpg","datePublished":"2025-09-24T21:23:09+00:00","dateModified":"2026-03-27T18:51:48+00:00","breadcrumb":{"@id":"https:\/\/matmat54.ch\/index.php\/ueber-mich\/#breadcrumb"},"inLanguage":"de","potentialAction":[{"@type":"ReadAction","target":["https:\/\/matmat54.ch\/index.php\/ueber-mich\/"]}]},{"@type":"ImageObject","inLanguage":"de","@id":"https:\/\/matmat54.ch\/index.php\/ueber-mich\/#primaryimage","url":"https:\/\/matmat54.ch\/wp-content\/uploads\/2025\/09\/matej-matolic-2.jpg","contentUrl":"https:\/\/matmat54.ch\/wp-content\/uploads\/2025\/09\/matej-matolic-2.jpg","width":472,"height":709},{"@type":"BreadcrumbList","@id":"https:\/\/matmat54.ch\/index.php\/ueber-mich\/#breadcrumb","itemListElement":[{"@type":"ListItem","position":1,"name":"Startseite","item":"https:\/\/matmat54.ch\/"},{"@type":"ListItem","position":2,"name":"\u00dcber mich"}]},{"@type":"WebSite","@id":"https:\/\/matmat54.ch\/#website","url":"https:\/\/matmat54.ch\/","name":"Matej Matolic","description":"Portfolio","publisher":{"@id":"https:\/\/matmat54.ch\/#\/schema\/person\/7d2d744e0437f5ffeeb4c1bc74b075f5"},"potentialAction":[{"@type":"SearchAction","target":{"@type":"EntryPoint","urlTemplate":"https:\/\/matmat54.ch\/?s={search_term_string}"},"query-input":{"@type":"PropertyValueSpecification","valueRequired":true,"valueName":"search_term_string"}}],"inLanguage":"de"},{"@type":["Person","Organization"],"@id":"https:\/\/matmat54.ch\/#\/schema\/person\/7d2d744e0437f5ffeeb4c1bc74b075f5","name":"admin","image":{"@type":"ImageObject","inLanguage":"de","@id":"https:\/\/matmat54.ch\/wp-content\/uploads\/2025\/09\/matmat.png","url":"https:\/\/matmat54.ch\/wp-content\/uploads\/2025\/09\/matmat.png","contentUrl":"https:\/\/matmat54.ch\/wp-content\/uploads\/2025\/09\/matmat.png","width":1024,"height":1024,"caption":"admin"},"logo":{"@id":"https:\/\/matmat54.ch\/wp-content\/uploads\/2025\/09\/matmat.png"},"sameAs":["https:\/\/matmat54.ch","https:\/\/www.linkedin.com\/in\/matej-matolic-b41049220\/"]}]}},"brizy_media":[{"id":313,"url":"https:\/\/matmat54.ch\/wp-content\/uploads\/2025\/09\/matej-matolic-2.jpg","name":"matej-matolic-2.jpg","meta":{"brizy_attachment_uid":"wp-1a6a646380d49941655968f28f010906.jpg","brizy_post_uid":["7263dcba19d5012bdfda806e7d4c87ec"]}}],"_links":{"self":[{"href":"https:\/\/matmat54.ch\/index.php\/wp-json\/wp\/v2\/pages\/279","targetHints":{"allow":["GET"]}}],"collection":[{"href":"https:\/\/matmat54.ch\/index.php\/wp-json\/wp\/v2\/pages"}],"about":[{"href":"https:\/\/matmat54.ch\/index.php\/wp-json\/wp\/v2\/types\/page"}],"author":[{"embeddable":true,"href":"https:\/\/matmat54.ch\/index.php\/wp-json\/wp\/v2\/users\/1"}],"replies":[{"embeddable":true,"href":"https:\/\/matmat54.ch\/index.php\/wp-json\/wp\/v2\/comments?post=279"}],"version-history":[{"count":2,"href":"https:\/\/matmat54.ch\/index.php\/wp-json\/wp\/v2\/pages\/279\/revisions"}],"predecessor-version":[{"id":557,"href":"https:\/\/matmat54.ch\/index.php\/wp-json\/wp\/v2\/pages\/279\/revisions\/557"}],"wp:attachment":[{"href":"https:\/\/matmat54.ch\/index.php\/wp-json\/wp\/v2\/media?parent=279"}],"curies":[{"name":"wp","href":"https:\/\/api.w.org\/{rel}","templated":true}]}}